{"id":19,"date":"2020-06-22T07:13:08","date_gmt":"2020-06-22T07:13:08","guid":{"rendered":"http:\/\/thea-laurine.de\/?page_id=19"},"modified":"2020-09-07T07:02:57","modified_gmt":"2020-09-07T07:02:57","slug":"kontakt","status":"publish","type":"page","link":"https:\/\/thea-laurine.de\/?page_id=19","title":{"rendered":"Kontakt"},"content":{"rendered":"\n<figure class=\"wp-block-image size-large is-resized is-style-default\"><img loading=\"lazy\" src=\"https:\/\/thea-laurine.de\/wp-content\/uploads\/2020\/09\/20200725_153128-768x1024.jpg\" alt=\"\" class=\"wp-image-112\" width=\"384\" height=\"512\" srcset=\"https:\/\/thea-laurine.de\/wp-content\/uploads\/2020\/09\/20200725_153128-768x1024.jpg 768w, https:\/\/thea-laurine.de\/wp-content\/uploads\/2020\/09\/20200725_153128-225x300.jpg 225w, https:\/\/thea-laurine.de\/wp-content\/uploads\/2020\/09\/20200725_153128-1152x1536.jpg 1152w, https:\/\/thea-laurine.de\/wp-content\/uploads\/2020\/09\/20200725_153128-1536x2048.jpg 1536w, https:\/\/thea-laurine.de\/wp-content\/uploads\/2020\/09\/20200725_153128-45x60.jpg 45w, https:\/\/thea-laurine.de\/wp-content\/uploads\/2020\/09\/20200725_153128-scaled.jpg 1920w\" sizes=\"(max-width: 384px) 100vw, 384px\" \/><figcaption>Altstadt Boulevard HY 2020<\/figcaption><\/figure>\n\n\n\n<p>email: harp(at)thea-laurine.de<\/p>\n\n\n\n<div class=\"wpforms-container wpforms-container-full\" id=\"wpforms-44\"><form id=\"wpforms-form-44\" class=\"wpforms-validate wpforms-form\" data-formid=\"44\" method=\"post\" enctype=\"multipart\/form-data\" action=\"\/index.php?rest_route=%2Fwp%2Fv2%2Fpages%2F19\" data-token=\"03294995b480b244865f9b9792e3f802\"><noscript class=\"wpforms-error-noscript\">Bitte aktiviere JavaScript in deinem Browser, um dieses Formular fertigzustellen.<\/noscript><div class=\"wpforms-field-container\"><div id=\"wpforms-44-field_0-container\" class=\"wpforms-field wpforms-field-name\" data-field-id=\"0\"><label class=\"wpforms-field-label\" for=\"wpforms-44-field_0\">Name <span class=\"wpforms-required-label\">*<\/span><\/label><div class=\"wpforms-field-row wpforms-field-medium\"><div class=\"wpforms-field-row-block wpforms-first wpforms-one-half\"><input type=\"text\" id=\"wpforms-44-field_0\" class=\"wpforms-field-name-first wpforms-field-required\" name=\"wpforms[fields][0][first]\" required><label for=\"wpforms-44-field_0\" class=\"wpforms-field-sublabel after \">Vorname<\/label><\/div><div class=\"wpforms-field-row-block wpforms-one-half\"><input type=\"text\" id=\"wpforms-44-field_0-last\" class=\"wpforms-field-name-last wpforms-field-required\" name=\"wpforms[fields][0][last]\" required><label for=\"wpforms-44-field_0-last\" class=\"wpforms-field-sublabel after \">Nachname<\/label><\/div><\/div><\/div><div id=\"wpforms-44-field_1-container\" class=\"wpforms-field wpforms-field-email\" data-field-id=\"1\"><label class=\"wpforms-field-label\" for=\"wpforms-44-field_1\">E-Mail <span class=\"wpforms-required-label\">*<\/span><\/label><input type=\"email\" id=\"wpforms-44-field_1\" class=\"wpforms-field-medium wpforms-field-required\" name=\"wpforms[fields][1]\" spellcheck=\"false\" required><\/div><div id=\"wpforms-44-field_2-container\" class=\"wpforms-field wpforms-field-textarea\" data-field-id=\"2\"><label class=\"wpforms-field-label\" for=\"wpforms-44-field_2\">Kommentar oder Nachricht <span class=\"wpforms-required-label\">*<\/span><\/label><textarea id=\"wpforms-44-field_2\" class=\"wpforms-field-medium wpforms-field-required\" name=\"wpforms[fields][2]\" required><\/textarea><\/div><\/div><!-- .wpforms-field-container --><div class=\"wpforms-field wpforms-field-hp\"><label for=\"wpforms-44-field-hp\" class=\"wpforms-field-label\">Phone<\/label><input type=\"text\" name=\"wpforms[hp]\" id=\"wpforms-44-field-hp\" class=\"wpforms-field-medium\"><\/div><div class=\"wpforms-submit-container\" ><input type=\"hidden\" name=\"wpforms[id]\" value=\"44\"><input type=\"hidden\" name=\"wpforms[author]\" value=\"1\">    <div class=\"cwm-recaptcha-container\">\r\n    \t<label for=\"cwm-recaptha\" class=\"recap-title\"> Enter Captcha : 10 + 8 = ?? \r\n        <input type=\"text\" name=\"cwm-recaptcha\" class=\"cwm-reaptach wpforms-field-required\" data-cwmCaptcha-val=\"18\" id=\"cwm-recaptha\" placeholder=\"Write the answer\" required><span id=\"ok-icon\"><img src=\"https:\/\/thea-laurine.de\/wp-content\/plugins\/cwm-wpforms-captcha\/classes\/..\/img\/ok.png\" alt=\"okay icon\"><\/span><span id=\"invalid-captcha-notice\"><img src=\"https:\/\/thea-laurine.de\/wp-content\/plugins\/cwm-wpforms-captcha\/classes\/..\/img\/no.png\" alt=\"no.png\"><\/span>\r\n    \t<\/label>\r\n\t<\/div>\r\n  <button type=\"submit\" name=\"wpforms[submit]\" id=\"wpforms-submit-44\" class=\"wpforms-submit\" data-alt-text=\"Senden...\" data-submit-text=\"Absenden\" aria-live=\"assertive\" value=\"wpforms-submit\">Absenden<\/button><\/div><\/form><\/div>  <!-- .wpforms-container -->\n\n\n\n<p>Ich freue mich \u00fcber Ihr Interesse an meiner Website. Der Schutz Ihrer Privatsph\u00e4re ist f\u00fcr mich sehr wichtig. Unter <a aria-label=\"Datenschutz (\u00f6ffnet in neuem Tab)\" href=\"http:\/\/thea-laurine.de\/?page_id=24\" target=\"_blank\" rel=\"noreferrer noopener\">Datenschutz<\/a> informiere ich Sie ausf\u00fchrlich \u00fcber den Umgang mit Ihren Daten.<\/p>\n\n\n\n<p><\/p>\n","protected":false},"excerpt":{"rendered":"<p>email: harp(at)thea-laurine.de Ich freue mich \u00fcber Ihr Interesse an meiner Website. Der Schutz Ihrer Privatsph\u00e4re ist f\u00fcr mich sehr wichtig. Unter Datenschutz informiere ich Sie ausf\u00fchrlich \u00fcber den Umgang mit Ihren Daten.<\/p>\n","protected":false},"author":1,"featured_media":0,"parent":0,"menu_order":0,"comment_status":"closed","ping_status":"closed","template":"","meta":{"sfsi_plus_gutenberg_text_before_share":"","sfsi_plus_gutenberg_show_text_before_share":"","sfsi_plus_gutenberg_icon_type":"","sfsi_plus_gutenberg_icon_alignemt":"","sfsi_plus_gutenburg_max_per_row":""},"_links":{"self":[{"href":"https:\/\/thea-laurine.de\/index.php?rest_route=\/wp\/v2\/pages\/19"}],"collection":[{"href":"https:\/\/thea-laurine.de\/index.php?rest_route=\/wp\/v2\/pages"}],"about":[{"href":"https:\/\/thea-laurine.de\/index.php?rest_route=\/wp\/v2\/types\/page"}],"author":[{"embeddable":true,"href":"https:\/\/thea-laurine.de\/index.php?rest_route=\/wp\/v2\/users\/1"}],"replies":[{"embeddable":true,"href":"https:\/\/thea-laurine.de\/index.php?rest_route=%2Fwp%2Fv2%2Fcomments&post=19"}],"version-history":[{"count":6,"href":"https:\/\/thea-laurine.de\/index.php?rest_route=\/wp\/v2\/pages\/19\/revisions"}],"predecessor-version":[{"id":135,"href":"https:\/\/thea-laurine.de\/index.php?rest_route=\/wp\/v2\/pages\/19\/revisions\/135"}],"wp:attachment":[{"href":"https:\/\/thea-laurine.de\/index.php?rest_route=%2Fwp%2Fv2%2Fmedia&parent=19"}],"curies":[{"name":"wp","href":"https:\/\/api.w.org\/{rel}","templated":true}]}}